ase 2, what is -11110 + -10110110?
-11010100
In base 9, what is -1146 - 5?
-1152
In base 13, what is -3 - 1c38?
-1c3b
In base 6, what is -2055 + 0?
-2055
In base 10, what is -640 + 1?
-639
In base 5, what is -11100 - -42?
-11003
In base 7, what is -15 + -632?
-650
In base 6, what is -25 + -4?
-33
In base 13, what is b57 + 4?
b5b
In base 13, what is 2 - -41?
43
In base 13, what is -24b + 4?
-247
In base 15, what is -6 + 12a?
124
In base 15, what is -1b + -12?
-2d
In base 12, what is 5 + 1399?
13a2
In base 4, what is 3103010 - -10?
3103020
In base 4, what is -300 + 313?
13
In base 15, what is -89 - -3?
-86
In base 16, what is -2 - -b?
9
In base 15, what is 5 - 49a?
-495
In base 16, what is -5d - d?
-6a
In base 5, what is -1000 - -3?
-442
In base 11, what is 787 + -6?
781
In base 15, what is 1 + -11b8?
-11b7
In base 9, what is -4 + -137?
-142
In base 10, what is 4 - -824?
828
In base 8, what is 1 - 46?
-45
In base 16, what is 4 + -4?
0
In base 12, what is 3 + 34a?
351
In base 12, what is -4 + 64?
60
In base 9, what is 38 - -28?
67
In base 15, what is 26 - 1d?
8
In base 10, what is 1 - 25?
-24
In base 8, what is 53 + 4?
57
In base 13, what is 1 + -316?
-315
In base 13, what is 1 + 370?
371
In base 13, what is 14 - 176?
-162
In base 16, what is 17f - 2?
17d
In base 11, what is 1 - -a8?
a9
In base 5, what is 341 - 142?
144
In base 13, what is -2a41 - -1?
-2a40
In base 14, what is 5 + 10b3?
10b8
In base 16, what is c7 - 6?
c1
In base 10, what is 23 - 1?
22
In base 2, what is -100 - 111?
-1011
In base 5, what is 3332 - -4?
3341
In base 4, what is 303 + 2?
311
In base 5, what is 20344 + 33?
20432
In base 5, what is 2 - -14?
21
In base 9, what is -1455 + 5?
-1450
In base 13, what is c - -3b?
4a
In base 14, what is -2 + 21?
1d
In base 13, what is -8 + -20?
-28
In base 10, what is 2512 - -2?
2514
In base 16, what is 4b + -e?
3d
In base 4, what is -1023 + -2?
-1031
In base 13, what is -1 - 4b?
-4c
In base 2, what is -1011001000 - 100111?
-1011101111
In base 9, what is -46 + -35?
-82
In base 15, what is -1 + -333?
-334
In base 3, what is 222202 - 1?
222201
In base 12, what is -113 + -3?
-116
In base 13, what is 1a - 1?
19
In base 5, what is -243241 - 3?
-243244
In base 15, what is -1ab - -4?
-1a7
In base 16, what is 12 + -3?
f
In base 14, what is -7a + 103?
67
In base 3, what is 112 - -12021?
12210
In base 11, what is -3631 - -2?
-362a
In base 4, what is 220 + -3?
211
In base 5, what is -33 + 0?
-33
In base 2, what is -101 + 100010?
11101
In base 15, what is -4 + 6d?
69
In base 3, what is -1 - -201011?
201010
In base 15, what is 33e + -1b?
323
In base 11, what is -a + -1a?
-29
In base 9, what is -32 + -22?
-54
In base 15, what is 2d + 6?
34
In base 10, what is -203 + 0?
-203
In base 11, what is 275 - -1?
276
In base 13, what is 121 + 3?
124
In base 3, what is -10 + -22101?
-22111
In base 14, what is 0 + -539?
-539
In base 12, what is 5028 - 4?
5024
In base 11, what is -2 + -567?
-569
In base 5, what is -3140 + -41?
-3231
In base 11, what is 57 + -2?
55
In base 15, what is 246 - 6?
240
In base 8, what is 16 - -11?
27
In base 4, what is 11 + -103312?
-103301
In base 3, what is -1221 + -1?
-1222
In base 2, what is -100 + 11001?
10101
In base 11, what is -4759 - 1?
-475a
In base 7, what is 5 - 4163?
-4155
In base 7, what is 364 + 44?
441
In base 8, what is -4 - -376?
372
In base 5, what is -2222 + 14?
-2203
In base 8, what is 13 + -117?
-104
In base 7, what is -1 - -222?
221
In base 9, what is -3321 + -10?
-3331
In base 16, what is 3 - -5e6?
5e9
In base 5, what is -144 + -11?
-210
In base 6, what is -12011 + -5?
-12020
In base 5, what is 111 - 1?
110
In base 3, what is -220 - 22?
-1012
In base 8, what is 21 - -46?
67
In base 2, what is -1011010 - -1101101?
10011
In base 14, what is 236 - 3?
233
In base 4, what is -2 - -1020132?
1020130
In base 3, what is -2121010 - 21?
-2121101
In base 5, what is 2 - 10032?
-10030
In base 7, what is -12 - 601?
-613
In base 11, what is -1a + -241?
-260
In base 9, what is 10 - -237?
247
In base 7, what is -11 - -1021?
1010
In base 3, what is -10 - 2111?
-2121
In base 6, what is -23003 - -4?
-22555
In base 9, what is -157 + 4?
-153
In base 13, what is 14 + 4?
18
In base 8, what is -6254 - -6?
-6246
In base 5, what is 1000 - 33?
412
In base 9, what is -2818 - 3?
-2822
In base 14, what is -3 - 15a?
-15d
In base 3, what is -1 + -221201?
-221202
In base 8, what is 4 - -120?
124
In base 14, what is -3 + -85?
-88
In base 4, what is -110020 - -11?
-110003
In base 15, what is 11 - 7?
9
In base 16, what is 2 + -1c2?
-1c0
In base 4, what is 3103 - -123?
3232
In base 2, what is 1 - -1?
10
In base 15, what is -83 - 4?
-87
In base 7, what is 2 + -101?
-66
In base 16, what is 15 - -9?
1e
In base 16, what is -f42 - 4?
-f46
In base 11, what is 8 - 1a?
-12
In base 7, what is 1246 + -3?
1243
In base 12, what is -132 + -2?
-134
In base 14, what is 4ca7 + 5?
4cac
In base 10, what is 380 + 8?
388
In base 8, what is 12710 - 4?
12704
In base 4, what is 23030 + 0?
23030
In base 9, what is 1746 + -3?
1743
In base 5, what is 410 - 43?
312
In base 16, what is 5 + -176?
-171
In base 9, what is 244 + -3?
241
In base 8, what is 20 + 171?
211
In base 13, what is 0 - -134?
134
In base 5, what is -34 - 3?
-42
In base 4, what is 3 + -1211?
-1202
In base 16, what is -e + -43?
-51
In base 3, what is 20 - -1?
21
In base 10, what is -5 + -3?
-8
In base 2, what is -10 - -11001011?
11001001
In base 10, what is -2 - -70?
68
In base 10, what is -4566 - 1?
-4567
In base 4, what is 2332 + 10?
3002
In base 6, what is -244 + -355?
-1043
In base 5, what is 0 + 112?
112
In base 16, what is 53f - 1?
53e
In base 4, what is 10 - -132?
202
In base 2, what is 10 + 100111100?
100111110
In base 16, what is 4d - -6?
53
In base 16, what is 0 + -5a?
-5a
In base 12, what is -5 - -39?
34
In base 9, what is -66 + -3?
-70
In base 2, what is 1011110101101 - 101?
1011110101000
In base 10, what is 1 + 83?
84
In base 7, what is 0 - -2540?
2540
In base 2, what is 10001 - 11101100?
-11011011
In base 4, what is 0 - -2032?
2032
In base 6, what is 14 - -413?
431
In base 10, what is -4 - 72?
-76
In base 10, what is -1926 - -1?
-1925
In base 9, what is -3874 - 1?
-3875
In base 7, what is 3 + 2214?
2220
In base 11, what is -118a + 0?
-118a
In base 9, what is -263 - 5?
-268
In base 3, what is -110 - 112?
-222
In base 5, what is -102 + 24?
-23
In base 9, what is 632 - 22?
610
In base 5, what is 10 + -210?
-200
In base 13, what is 11 + 6?
17
In base 2, what is -1101100101 - -10?
-1101100011
In base 16, what is -5 + -d6?
-db
In base 16, what is f - 1c?
-d
In base 5, what is 2 + -3?
-1
In base 9, what is -5 + 3863?
3857
In base 9, what is 2 - 227?
-225
In base 9, what is 5 - 1051?
-1045
In base 8, what is 74 + -51?
23
In base 15, what is 3 + -8e5?
-8e2
In base 10, what is 5053 - 0?
5053
In base 15, what is 2b5 - -2?
2b7
In base 13, what is -5 - 49c?
-4a4
In base 9, what is -1641 - -2?
-1638
In base 9, what is -1 + -102?
-103
In base 3, what is 2 + -11011?
-11002
In base 16, what is -31 + -20?
-51
In base 11, what is -15 - 124?
-139
In base 5, what is 1 - -1402?
1403
In base 4, what is 112 + -1123?
-1011
In base 4, what is 31 - -1030?
1121
In base 7, what is 16 + -6?
10
In base 4, what is -123 - -120?
-3
In base 10, what is -2 - 20?
-22
In base 13, what is 2 + -4a?
-48
In base 13, what is -4 + -327?
-32b
In base 3, what is 1100 - -11120?
12220
In base 13, what is -1229 - -2?
-1227
In base 15, what is -2d7a + 2?
-2d78
In base 13, what is 3 + 4?
7
In base 5, what is 304 - -10?
314
In base 12, what is 43 + 3?
46
In base 5, what is -312 - -3?
-304
In base 2, what is 11 + -11010000110?
-11010000011
In base 16, what is 0 + 5c?
5c
In base 11, what is 198 + 5?
1a2
In base 10, what is -85 - -5?
-80
In base 13, what is -3 + 7b?
78
In base 11, what is -1668 - 2?
-166a
In base 8, what is 74 - 6?
66
In base 15, what is cd - -3?
d1
In base 3, what is -1 + -10111101?
-10111102
In base 15, what is 387 + -4?
383
In base 12, what is 18 - 14?
4
In base 11, what is -24 + 25?
1
In base 8, what is -3 + 350?
345
In base 7, what is 6 + -50?
-41
In base 15, what is 1a1 + 17?
1b8
In base 9, what is 183 + -16?
166
In base 2, what is 11001 - 1001?
10000
In base 2, what is -10001111000 - 100?
-10001111100
In base 4, what is 201 - 32